 3*a + a - 196, 0 = p*h - 4*a - 220. Calculate the remainder when h is divided by 9.
7
Let v(t) = -74*t - 14. Let r(a) = 25*a + 5. Let s(g) = 8*r(g) + 3*v(g). Let l = -11 - -7. Calculate the remainder when s(l) is divided by 22.
20
Let p = -1342 - -1502. What is the remainder when p is divided by 61?
38
Suppose 5*k + 61 = 631. Let u(j) = j**2 + 76*j + 228. Calculate the remainder when k is divided by u(-3).
6
Let h be (0 + (1 - 15))/(0 + 1). Let g = 50 + h. What is the remainder when g is divided by 10?
6
Let m = -31 + 35. Suppose -2*i + 125 = 2*t + 27, 0 = m*t + i - 193. What is the remainder when t is divided by 13?
9
Let c = 3 - 3. Suppose 2*j - 23 + 7 = c. Let u(k) = k**2 - 5*k - 6. What is the remainder when 33 is divided by u(j)?
15
Suppose -3*r + 5*k + 39 = -180, -73 = -r + 5*k. Let m = -62 + r. What is the remainder when 63 is divided by m?
8
Suppose -2*w + 0*w + 554 = 5*n, -w + 278 = 3*n. Calculate the remainder when w is divided by 25.
22
Suppose 12 = q - 2*r, -q = -4*q + r + 56. Let p be 4 + (4 - 56) + 2. Let z = -9 - p. Calculate the remainder when z is divided by q.
17
Suppose 3 - 7 = 2*p. Suppose 17*k = 47*k - 90. Calculate the remainder when p/(4/(-6)) - -8 is divided by k.
2
Let c = -12 + 25. Suppose 0 = -2*r - c + 53. Calculate the remainder when r is divided by 7.
6
Let f = 110 + -84. Let s(l) = 13*l + 48. Calculate the remainder when s(6) is divided by f.
22
Suppose k = -25 + 22, -2*g + 4126 = 2*k. What is the remainder when g is divided by 94?
92
Let o(h) = 94*h + 2. Let t be o(1). Suppose 0*g - 3*g - 3*w + t = 0, -128 = -4*g - 3*w. What is the remainder when g is divided by (19 - 1)/2*2?
14
Suppose d = -1, 3*c - 2*d = d + 27. Let v(z) = -2*z + 4*z**2 + 8 + z - 3*z**2 - 2*z. What is the remainder when v(c) is divided by 17?
14
What is the remainder when 50 - (-10)/(-35)*7 is divided by 9?
3
Let o = -32 + 100. Suppose 0 = -0*u - u - 3*p + 4, -p - o = -4*u. Calculate the remainder when 31 is divided by u.
15
Suppose m - 3*l = 46, 11*m = 12*m + 3*l - 46. Calculate the remainder when 183 is divided by m.
45
Suppose -3*h = -u - 1, -u + 9 + 10 = h. Suppose 2 - 38 = -2*c. Let q = c - u. What is the remainder when 13 is divided by q?
1
Let n = 63 - -7. Calculate the remainder when 270 is divided by n.
60
Let x be 143/52 - 2/(-8). Suppose 0 = 4*k + 4*p - 36, x*p = -2*k + k + 11. Calculate the remainder when 37 is divided by k.
5
Let k(h) = -h**3 + 5*h**2 + 12*h - 6. Let p be k(5). Let g = p - 33. Suppose -3*m + j + 6 = -g, -4*m + j = -37. What is the remainder when 27 is divided by m?
7
Let s(j) = 1. Let n(w) = -2*w**2 + 17*w - 20. Let h(r) = -n(r) - 6*s(r). Calculate the remainder when h(9) is divided by 22.
1
Let r be 3/(-2) - (-28)/8. Suppose 3*k - 57 = -3*b, b + r*k - 31 = -2*k. Calculate the remainder when 27 is divided by b.
12
Let b = 77 - 37. Suppose -3*q = 4*l - b, -2*q + 39 = q + 3*l. Let n = q + -9. What is the remainder when 3 is divided by n?
0
Suppose -2*v + 324 = 132. Let y be 4/1 - 2/(-2). Suppose 3*z + 171 = 4*t, v = -4*t + y*z + 261. Calculate the remainder when t is divided by 16.
13
Suppose -z = -h + 55, 285 - 34 = 5*h + 3*z. Calculate the remainder when 59 is divided by h.
7
Let m = 31 - 15. Let x be -42*(-10)/15*-2. Calculate the remainder when 183/4 - 14/x is divided by m.
14
Let n be (2/(-10))/((-3)/165). Suppose 2*s - 232 = 3*g, -16*s - 2*g = -n*s - 542. Calculate the remainder when s is divided by 37.
36
Let c = -6 - -4. Let o(u) = u**2 + 13*u. Calculate the remainder when ((-261)/15)/(c/10) is divided by o(-15).
27
Suppose -w - 3 = -5. Suppose 3*h = 6*h + w*k - 8, 2*h - 2*k = 22. Suppose 5*r - r - 5*l - 16 = 0, r - 4 = -3*l. What is the remainder when h is divided by r?
2
Let z = -75 + 78. Calculate the remainder when 2 + z - (-2 - 75) is divided by 42.
40
Let d(n) = -2*n + 4. What is the remainder when 490/15 + (-2)/3 is divided by d(-4)?
8
Let y = 15 - 9. Suppose 3*g - 5 = 55. What is the remainder when g + ((-9)/2 + 3)*-2 is divided by y?
5
Let v = 359 - 287. Calculate the remainder when v is divided by 21.
9
Suppose 0 = w - 4*y - 129, 0 = 7*w - 4*w + 2*y - 415. Calculate the remainder when w is divided by 74.
63
Let b = 1 - -3. Suppose 4 + 5 = -u + b*s, -21 = -u - 2*s. What is the remainder when 12/16 + (-153)/(-4) is divided by u?
6
Let w = 3185 + -1063. What is the remainder when w is divided by 12?
10
Suppose -r + 3 = i, 0 = -3*r + 2*r - 2*i + 1. Let w(y) = 1 - 7*y - 4 - 2 + 2. What is the remainder when w(-3) is divided by r?
3
Suppose -4*j - 1 = -25. Suppose j = -5*b + 1. Let d(a) = 24*a**2 - 2*a - 1. Calculate the remainder when d(b) is divided by 14.
11
Let u(w) = -6*w**2 + 51*w - 2. Calculate the remainder when u(3) is divided by 54.
43
Suppose -4*j + 14 + 2 = 0. Suppose 20 + j = 2*p. Calculate the remainder when 178/8 - (-2)/(-8) is divided by p.
10
Suppose 3*v - 131 = -4*j - 38, v = 3*j + 18. What is the remainder when v is divided by 10?
7
Let w(x) = -55*x - 4 + 52*x - 3. Let y be 1*(1 + 0)*-7. What is the remainder when 67 is divided by w(y)?
11
Let s be 152/10 + (-10)/50. Suppose a = s + 26. Calculate the remainder when a is divided by 11.
8
Suppose 5 - 10 = -5*r. Let w be 0/3 - -3*r. Suppose 6 + 75 = 5*q + t, w*t = q - 29. What is the remainder when 47 is divided by q?
13
Let u = 4 - 10. Let c = 10 + u. Calculate the remainder when 13 is divided by c.
1
What is the remainder when 12/32 - (980/(-32) - 0) is divided by 3?
1
Let v be (-40)/6*(-57)/(-38). What is the remainder when (-586)/v + (-12)/(-30) is divided by (-5)/(-2 - 14/(-8))?
19
What is the remainder when 388 is divided by (18/(-21))/((-15)/455)?
24
Suppose -5*a + 960 = 35*a. Suppose 2*p - 39 = 1. Calculate the remainder when a is divided by p.
4
Suppose 2*u - 13 = -n - 2*n, 4*n = -2*u + 14. What is the remainder when (-8)/44 - (-290)/22 is divided by u?
3
Let o = 158 - 148. What is the remainder when 69 is divided by o?
9
Let t = -4 + 15. Let m be (-2)/(-16) - 1953/(-56). Let w = m - 28. Calculate the remainder when t is divided by w.
4
What is the remainder when ((-534)/4)/(4*(-11)/88) is divided by 85?
12
Suppose -603 = -5*j + 372. Calculate the remainder when j is divided by 49.
48
Suppose 4*f + 320 = 3*d + 2*f, -4*d + 428 = -4*f. Let v = d - 79. What is the remainder when 50 is divided by v?
23
Calculate the remainder when 237 is divided by (126/(-3))/7 + 21.
12
Suppose 4*q + 3 = -q + 4*u, 0 = 3*q + 5*u - 13. Let b(y) = y - q + 1 - 4. Calculate the remainder when 29 is divided by b(14).
9
Let b(h) = -26*h + 2. Let w be b(-5). Suppose -7*k - w = -9*k. Calculate the remainder when k is divided by 17.
15
What is the remainder when 38 is divided by (4 - (-21)/(-9))/((-1)/(-6))?
8
Let k = -10 - -65. Calculate the remainder when 215 is divided by k.
50
Suppose 4*o - 20 = 0, v - 397 + 26 = -o. What is the remainder when v is divided by 10?
6
Suppose 12*i - 4841 = -893. Calculate the remainder when i is divided by 22.
21
Suppose 31*q + 549 = 1076. Calculate the remainder when 3/(-1)*67/(-3) is divided by q.
16
Let q be (0 - 4/(-5))*10. Let x be (65/20)/(2/q). Suppose -2*t + x + 21 = 0. What is the remainder when 32 is divided by t?
15
Let y(u) = 8*u + 14. Let r(k) = 15*k + 28. Let x(z) = 4*r(z) - 7*y(z). Let i be x(-4). Calculate the remainder when (-6)/2 - 146/i is divided by 18.
16
Suppose o - 5*o + 40 = 0. Let a(b) = -3*b - 37. Let j be a(-16). Let w = j - 8. What is the remainder when o is divided by w?
1
Suppose -40 = -3*o + 7*o. Let g(w) = -w**3 - 10*w**2 - w - 6. Calculate the remainder when g(o) is divided by (-1)/3 + 10/3.
1
Let n = 1 + 23. Let o = 237 - 223. Calculate the remainder when n is divided by o.
10
Let d be (-4)/26 - 1878/(-39). Let k = d - 40. Calculate the remainder when k is divided by 3.
2
Let b be ((-142)/8)/(2/(-16)). Suppose b = 2*m + 3*z - 4*z, -3*m + 2*z + 215 = 0. What is the remainder when m is divided by 20 + -3 + 1 - 0?
15
Let a be 3*5/60*12. Suppose 6*d - 201 = a. Calculate the remainder when d is divided by 12.
10
Let g(r) = 2*r - 9. Let t be g(5). Suppose 0*z = z - 3. Let l = z - t. Calculate the remainder when 3 is divided by l.
1
Suppose r - 28*w + 24*w - 785 = 0, -3*w = 2*r - 1592. Calculate the remainder when r is divided by 15.
13
Calculate the remainder when 1086 is divided by 2*(-1 + -